 + 19 = 6*f + 5*t. Let v(d) = -18*d + 5. What is the tens digit of v(f)?
3
Suppose -5*n + 3*n = -162. Let a = n - 52. Suppose g - 4*d - a = -3*d, d - 79 = -3*g. What is the units digit of g?
7
Let b = -42 - -62. Suppose -n - 4*p = 12, 2*n = 2*p - 4 + b. Suppose -u = -n*y - 18, u + 110 = 4*u + 2*y. What is the tens digit of u?
3
Let i(x) = x**3 + 6*x**2 - 7*x + 1. Suppose 0 = 4*f + 20. What is the units digit of i(f)?
1
Let k be 79*1/1 + -3. Let c = 112 - k. What is the units digit of c?
6
Let h(p) = 3*p**2 - 7*p + 2. Let g be h(5). Let i be 7 + (3/1 - 3). What is the units digit of 438/g - 3/i?
0
Let y = -8 + 15. Suppose -y*h + 9*h = 28. What is the tens digit of h?
1
What is the units digit of (-3410)/(-2) + (-290)/(-58)?
0
Let u = -96 + 153. Let k = u + 38. What is the units digit of (-3)/((30/k)/(-2))?
9
Suppose -8660 = -20*q + 3320. What is the hundreds digit of q?
5
Let k(v) = 157*v - 729. What is the tens digit of k(37)?
8
Let s = -288 + 129. Let b = s + 232. What is the tens digit of b?
7
Let x(s) = 25*s**2 - 20*s - 143. What is the thousands digit of x(-9)?
2
Suppose 2*r - 4 = -0*r. Suppose 3*w + r*w = 420. What is the units digit of w?
4
Suppose -4*d + 3*d = 5*s - 280, 4*d + s = 1082. Suppose -5*y - l + 442 = -4*l, 3*y + 3*l = d. What is the tens digit of y?
8
Let k(i) = -4 + 4*i + 4*i**3 + 0*i + i - 3*i**3 + 10*i**2. What is the units digit of k(-4)?
2
Let j = 990 + 1946. What is the thousands digit of j?
2
Suppose 0 = -17*d + 18*d + 303. Let k = 604 + d. What is the hundreds digit of k?
3
Let h be 1*(-1 - 0)*-30. Suppose x + 13 = h. Let a = 36 + x. What is the tens digit of a?
5
Let p = -102 + 4. Let g = p - -161. What is the units digit of g?
3
Let u(n) = -240*n - 11. Let t be u(-2). Suppose 0 = -5*c + 12*c - t. What is the units digit of c?
7
Let i = 37 + -27. What is the units digit of ((-5)/(-10) + 0)*i?
5
Suppose 3*x - 69 = 3*r - 0*x, 74 = -3*r + 4*x. Let m = r + 22. Suppose 3*y = -5*n + 49, 3*y + 0*y + m*n - 53 = 0. What is the units digit of y?
3
Let d = -1334 - -2960. What is the units digit of d?
6
Let j = 1844 + 1367. What is the hundreds digit of j?
2
Suppose -3*j + 0*j = -1755. What is the units digit of j?
5
Let y be ((-9)/(-2))/(3/(-8)). Let p = 15 + y. Suppose 0 = 2*t - w - 21, -p = -4*w + 17. What is the tens digit of t?
1
What is the units digit of (3345/20 + 6)/(4/48)?
9
Let n = 904 + -561. What is the hundreds digit of n?
3
Let d(m) = -3*m - 31. Let q be d(-12). Suppose 0 = -3*y + 2*y - q*k + 50, -2*y + 136 = k. What is the units digit of y?
0
Suppose 25 = -u + 2*u. Let j = u - 22. Suppose 22 = -j*o + 40. What is the units digit of o?
6
Suppose -11*s + 6 = 6. What is the tens digit of (-18)/(4/(-96)*2 - s)?
1
Let l = -139 - -80. Let u = l - -112. What is the units digit of u?
3
Suppose 68*s - 13374 = 71*s. What is the units digit of -3 - (-38)/14 - s/21?
2
Let k be (66 - 0)*(5 + -1). Suppose -p - h = -k, -h = -4*h + 3. What is the tens digit of p?
6
Let q(f) = 18*f**2 + 3*f + 16. What is the units digit of q(-4)?
2
Let r be 2/(-16) - 1677/(-104). Let c(k) = -4*k**2 - 2*k - 3. Let w be c(-2). Let i = r + w. What is the units digit of i?
1
Let p(r) = -r**3 - r + 39. Suppose w - 4*w = 9. Let q be (3/w - -1)/(-2). What is the units digit of p(q)?
9
Let d(u) = u**2 + 2*u - 12. Let b be d(-5). What is the hundreds digit of -9*(-5)/30*334/b?
1
Let h = 252 + 53. What is the units digit of h?
5
Let b(x) = -x**3 - 12*x**2 - 7*x - 30. Let h be b(-13). Suppose -h = -2*t + 5*p, -303 = -5*t + 2*t - 3*p. What is the units digit of t?
5
Let o(g) = 47*g**2 - 5*g + 2. Let s(d) = d**2 - d. Let c(u) = o(u) - 4*s(u). What is the units digit of c(1)?
4
Suppose -190 = -5*a + 3*a. Suppose -16 = -4*s, 4*b - b + 2*s = a. Let v = -1 + b. What is the units digit of v?
8
Let q = -331 - -547. What is the tens digit of q?
1
Let u(w) = -18*w**2 + 8*w - 2. Let v(f) = f. Let s(n) = -u(n) + 5*v(n). What is the units digit of s(3)?
5
What is the hundreds digit of (1 - 2)/(10 - 60977/6097)?
8
Let w(f) = -f. Let d be w(0). Suppose -v = -j - 72, d*v - 2*j + 144 = 2*v. Let s = v - 41. What is the tens digit of s?
3
Let v(z) = -23*z + 5. Let l be v(7). Let g = -97 - l. What is the tens digit of g?
5
Suppose 3*p - 17 = 103. Suppose 5*j = p + 30. Suppose j*g - 9*g = 15. What is the units digit of g?
3
Suppose 2*f + 535 = 3*b, -7*f - 880 = -5*b - 6*f. What is the hundreds digit of b?
1
What is the thousands digit of (-16326)/(-13) - 16/(-104)?
1
Let b = 230 - 4. What is the tens digit of b?
2
Let i = -2224 - -3258. What is the units digit of i?
4
Let i be (18 - -1) + -3 - -1. Let w = i - 45. Let o = -7 - w. What is the units digit of o?
1
Suppose 0 = 17*r - 28367 + 5655. What is the hundreds digit of r?
3
Suppose 2*f - 4 - 10 = 0. Suppose -5*r + 336 = -6*w + f*w, 5*r - 360 = 5*w. What is the tens digit of r?
6
Suppose 88 + 52 = 7*v. What is the units digit of 16*5*15/v - -1?
1
Suppose -2 = -3*s + 4. Suppose 3*d + 14 = 5*d - 3*j, -5*d - 3 = s*j. Suppose -y - 2*m = -d - 1, -4*m = -5*y + 24. What is the units digit of y?
4
Suppose -5 = i + 1. Let u(d) = -5*d + 1. What is the units digit of u(i)?
1
Let v(t) be the second derivative of -3*t**3/2 - 6*t**2 - 3*t. Suppose 3*c = -2*s - 23, -2*c + 3*s - 6 = 2*s. What is the tens digit of v(c)?
3
Let x = 100 + -109. Suppose -12 = 5*j - 3*j. Let l = j - x. What is the units digit of l?
3
Suppose -2*t + 157 = -4*t + o, -5*t - 5*o - 400 = 0. Let r = -56 - t. Suppose 0 = 4*j - r - 37. What is the tens digit of j?
1
Let z = -2981 - -4272. What is the units digit of z?
1
Let d be (-9)/(-6) + 3/2. What is the tens digit of d/(5/(700/6))?
7
Let t(f) = -f. Let n = -11 - -9. Let r be t(n). Suppose b + r*b = 30. What is the tens digit of b?
1
Suppose -5*d - f = -14468, -d + 2*f = 380 - 3267. What is the hundreds digit of d?
8
Let s = -2781 - -3948. What is the units digit of s?
7
Suppose -100 = 3*l + 5*q + 5, -3*l + 2*q - 84 = 0. Let d = 81 - l. What is the hundreds digit of d?
1
Let m(h) = -h**3 + 16*h**2 - 7*h - 27. What is the units digit of m(8)?
9
Let o(l) = l**3 - 2*l**2 - 4*l + 5. Let x be o(3). What is the tens digit of -150*(14/(-6) + x)?
5
Let t = -3 - 9. Let z be (18/t)/((-2)/12). Suppose -4*w + z*w = 170. What is the units digit of w?
4
Suppose 4*h - 385 = -5*f, 5*h - 7*h = 5*f - 185. What is the hundreds digit of h?
1
Suppose -14*m - 13925 = -19*m. What is the tens digit of m?
8
What is the units digit of 281*1 + (-56 - -51)?
6
Let n be (-5)/(1*(-4)/8). Let y = n + -8. What is the units digit of y?
2
Suppose -3*d + 3581 = 5*j, -1651 - 502 = -3*j - 4*d. What is the tens digit of j?
1
Suppose -2*j - 2 = -156. Let x(g) = -5*g**2 + 2*g - 4. Let w be x(3). Let h = j + w. What is the units digit of h?
4
Let h(y) = y**3 - y**2 - 5. Let m = -24 - -28. What is the tens digit of h(m)?
4
Suppose 52*h + 57290 = 265862. What is the hundreds digit of h?
0
Let x(a) = -a - 10. Let c be x(-14). Suppose -5*i + 4*k + 454 = 0, -4*k + k = c*i - 388. Let s = -60 + i. What is the units digit of s?
4
Let f(y) = -3 - 7*y**3 + 4*y**3 + 4*y**3 + 5. Let i be f(0). Suppose t - i*o - 23 = 0, 3*t - 7*o = -4*o + 66. What is the units digit of t?
1
Let q = 27 + -22. Suppose q*z = z + 184. What is the tens digit of z?
4
Let i be 12/42 + (-206)/(-14). What is the units digit of ((-6)/(-4))/(i/820)?
2
Let s(y) = -511*y + 286. What is the tens digit of s(-4)?
3
Let u(a) = 4*a**2 + 18*a - 12. Suppose 2*s - 1 = n - 25, 3*n = 5*s + 62. What is the units digit of u(s)?
8
Let j(b) be the second derivative of b**3/6 + 6*b**2 - b. Let y be j(-8). Suppose 36 = -z + y*z. What is the tens digit of z?
1
Suppose 5*p - 9*p = -8. Suppose -765 = -p*o - 7*o. What is the units digit of o?
5
Suppose 6*y - 11*y - 2855 = -3*p, -4*y - 2857 = -3*p. What is the hundreds digit of p?
9
Let i(w) = 4*w + 477. Let n be i(0). Suppose 12*u = 9*u + n. What is the units digit of u?
9
Suppose -4*w = -2*o - 2198, 1117 = -3*w + 5*w + 5*o. What is the tens digit of w?
5
Let w(a) = -a**2 + 1. Let n be w(1). Suppose n = 4*v - 59 - 149. Suppose 2*x - v = -j, -4*j = x - 13 + 1. What is the tens digit of x?
2
What is the units digit of -2 + -1 + 728 + -6?
9
Suppose 2269 = 5*x + 2*w, 3*x + w = 4*w + 1353. What is the hundreds digit of x?
4
Let g = 19 + -17. Suppose 2*p - g = p. Suppose -1